of j(z).
2
Let n(f) = 7*f - 19. Let p(y) = -8*y + 20. Let j(w) = -7*n(w) - 6*p(w). Let l be j(-9). Suppose -g - 5*o - l = -2*g, 2*o = g - 19. List the prime factors of g.
17
Let k = 1261 + -892. What are the prime factors of k?
3, 41
Let q(d) = d**2 - 3*d - 1. Let p be q(4). Suppose 0 = 2*c + c + p. List the prime factors of 3 - 0 - c*3.
2, 3
Suppose -9 = n - 4*n + 3*b, 4*n - 36 = -2*b. Let z = n + 39. List the prime factors of z.
2, 23
Suppose 3*x = 5*l + 27 + 19, -4*l + 5*x - 29 = 0. Let y(j) = -8*j - 1. Let u be y(l). Let f = -40 + u. List the prime factors of f.
47
Suppose 41 = 3*a + 2*x - 450, 0 = 3*a - 4*x - 503. Let w = a + -92. List the prime factors of w.
73
Let w(v) = 2*v**2 - 42*v. Let b be w(21). Suppose -4*d + 4 + 292 = b. What are the prime factors of d?
2, 37
Suppose 18*j - 789 = 9831. List the prime factors of j.
2, 5, 59
Suppose 4*s + 12 - 4 = 2*f, -8 = -2*f + 3*s. Suppose -4*l = -2*l - 2*r - 112, -232 = -f*l - 4*r. What are the prime factors of l?
3, 19
Suppose 30 = -2*q - 5*i, 2*q = -2*i - 2*i - 32. Let m = q + 29. List the prime factors of m.
3
Let b be 270/14 + 8/(-28). Suppose 4*z - b - 5 = 0. What are the prime factors of 34/z + (-3)/(-9)?
2, 3
Let l = -832 + 426. Let j be 6/60*5 + (-9)/6. List the prime factors of (j + -2)*l/21.
2, 29
Let u(t) = -t**3 - 3*t**2 + 3*t. Let z be u(-4). Suppose -8 = -3*s + z. Suppose -s*h + 9 = -63. List the prime factors of h.
2, 3
Let q = 9 + -6. Let k be 14/8 + 1/4. Suppose -q*m - k*m = -135. List the prime factors of m.
3
Suppose -d + 5*r = -38, 3*d = r - 25 + 181. List the prime factors of d.
53
Suppose 6 = -p - 3*a, 2*a - 2 = 3*a. Let m(d) = d + 20. Let u(g) = -4*g - 79. Let s(x) = 18*m(x) + 4*u(x). What are the prime factors of s(p)?
2, 11
Suppose -2*u = -2 + 16. Let x(i) = i**2 + 5*i + 1. Let q be x(u). Let a = -5 + q. What are the prime factors of a?
2, 5
Suppose -4*w + 5*v + 40 = w, 4*w = -3*v + 11. Suppose -4*c = -4*b - 264, w*b = 2*c - 223 + 88. List the prime factors of c.
5, 13
Suppose 0*m = -2*m. Suppose -3*y - 2*y + 15 = m. Suppose -12 + 3 = -y*i. What are the prime factors of i?
3
Suppose 2416 = -a + 9*a. List the prime factors of a.
2, 151
Suppose 21*t + 41 = 20*t. Let p = 112 + t. List the prime factors of p.
71
Suppose -t = -13*t + 192. Suppose 0 = -2*g + 15 - 1. Suppose 0 = -g*j + 3*j + t. List the prime factors of j.
2
Let s = -2415 - -4188. List the prime factors of s.
3, 197
Let g(s) be the third derivative of s**6/60 - s**5/4 + s**4/24 + 5*s**3/2 + 11*s**2. List the prime factors of g(8).
3, 29
Suppose 5*d + 18*b - 1387 = 21*b, 12 = -3*b. List the prime factors of d.
5, 11
Suppose 2*z - 99 - 301 = -o, 0 = -5*o + 4*z + 2070. List the prime factors of o.
2, 5, 41
Let i(j) = j + 5. Let x be i(-5). Suppose 3*k = 2*f + 57, 4*k - 2*f - 66 - 12 = x. List the prime factors of k.
3, 7
Let y(o) = -9 - 9 + 11*o - o**2 + 24. Let a be y(10). What are the prime factors of (1*9)/(24/a)?
2, 3
Let x(z) = -78*z + 70. What are the prime factors of x(-14)?
2, 7, 83
Suppose 6*a = 494 + 3430. List the prime factors of a.
2, 3, 109
Suppose 22*i - 690 = 5008. What are the prime factors of i?
7, 37
Suppose 0 = -9*o + 4*o - 3*h - 51, 0 = -3*o + 3*h - 45. Let x be 279/o - 1/(-4). Let a = -7 - x. List the prime factors of a.
2
Suppose -i + 42 = 2*i. Let q be 4/i + (-572)/91. What are the prime factors of 13 + (q - (2 - 5))?
2, 5
Let o(f) = f**3 - 30*f**2 + 24*f + 105. List the prime factors of o(30).
3, 5, 11
Suppose -5*z = -2*c - 3*c - 2890, z - 576 = -c. List the prime factors of z.
577
Let f(x) = x**3 - 2*x**2. Let u be f(3). What are the prime factors of (u/18)/(2/400)?
2, 5
Let m(g) = -6*g - 38. Let r(i) = -5*i - 37. Let h(t) = 2*m(t) - 3*r(t). What are the prime factors of h(13)?
2, 37
Suppose 2*c - 22 - 1554 = 0. What are the prime factors of c?
2, 197
Let u(w) = -w**3 + 8*w**2 - 9*w + 3. Let l be u(6). Let h = 98 - l. List the prime factors of h.
7, 11
Let h = -93 - 13. Suppose 0 = 4*n - 2*n + 298. Let f = h - n. List the prime factors of f.
43
Let v = -42 + 74. Suppose 0 = -2*n + 22 - v. What are the prime factors of 88/10*n/(-2)?
2, 11
Let n(t) = t**3 - 6*t**2 + 560. List the prime factors of n(0).
2, 5, 7
Let x = -42 + 42. Suppose -c + x*l - 5*l - 9 = 0, 2*l + 58 = 3*c. What are the prime factors of c?
2
Let i be (-1)/3 - (-2045)/15*-2. Let z = i - -402. What are the prime factors of z?
3, 43
Suppose 5*s - t - 36 = 0, -3*t + 1 = s - 3. Suppose 5*q = 5*b + 30, -b + 3*q - 5 = s. Let c = b - -5. List the prime factors of c.
2
Let m = 437 - 250. Suppose 5*d + m = 5*w - 8, -5*d = 4*w - 129. List the prime factors of w.
2, 3
Let b(j) = -2*j + 4. Let z(k) = -4*k**2 - 1 - 3 + 1 + 0*k**3 - k**3. Let q be z(-3). What are the prime factors of b(q)?
2, 7
Let r(i) = i**3 - 21*i**2 - 3*i - 1. What are the prime factors of r(25)?
2, 3, 101
Suppose 4*n + 24 = n. Let p = n - -13. Suppose 6*a - 2*a + 40 = 4*q, -2*a - 38 = -p*q. List the prime factors of q.
2, 3
Suppose -10 = -5*d + 35. Let t = d - 9. Suppose t = g - 3*g + 40. What are the prime factors of g?
2, 5
Let g(s) = s**2 + 8*s - 67. Let o be (-1281)/63 + (-4)/6. What are the prime factors of g(o)?
2, 103
What are the prime factors of ((-10)/4)/(6/(-8664))?
2, 5, 19
Let i(c) = 4*c**2 - c. Let r be i(1). Suppose 0*x - x - 5*b = -12, 36 = r*x - 3*b. What are the prime factors of x?
2, 3
Let k(x) = 2*x**2 + 5*x + 1. Let l(r) = -9 - 3*r + 8 - 3*r**2 + 2*r**2. Let d be l(-4). List the prime factors of k(d).
2, 13
Suppose -3*z + 268 = w, 261 = -w + 2*w - 4*z. What are the prime factors of w?
5, 53
Let t = 7 - 40. Let o be 1/4 + (-85)/4. Let d = o - t. List the prime factors of d.
2, 3
Suppose 76 = 3*t - r + 2*r, 4*r = -4*t + 112. Let x be 3/(-2) - (-132)/t. Suppose 3*d = -5*w + 7*d + 248, x*w - d = 194. What are the prime factors of w?
2, 3
Let b(a) = a**3 - a. Let k be b(-1). Suppose k*r = -r + 3. What are the prime factors of r/(-1)*(-16)/6?
2
Suppose n - 5*n = -8. Suppose -4*d + 34 = h - n*h, -5*h - 3*d - 101 = 0. Let u = 49 + h. What are the prime factors of u?
3
Let o(q) = q**3 + 13*q**2 - 2*q - 25. Let p be o(-14). Let h = 286 + p. List the prime factors of h.
3, 31
Let r be (-6)/(-21) - 584/(-14). Suppose -2*f + r = 5*f. Suppose -2*k - f = -4*k, 0 = -4*s + k + 105. List the prime factors of s.
3
Let g = 2701 + -915. List the prime factors of g.
2, 19, 47
Let n(x) be the first derivative of x**3/3 + 3*x**2/2 - 5*x - 8. List the prime factors of n(6).
7
Suppose -2 = m - 0*m, 0 = -4*i - 5*m - 46. Let g be -1 - 1 - (i + 3). Suppose g + 19 = p. What are the prime factors of p?
23
Let q(n) = -127*n + 326. What are the prime factors of q(-11)?
1723
Suppose -x - 4*u = -6*u - 819, 2*x - 3*u = 1640. List the prime factors of x.
823
Suppose 8*f - 3*f + 20 = -5*b, -17 = 4*f + 5*b. What are the prime factors of f/((-36)/28)*39?
7, 13
Let i(x) be the third derivative of -x**4/8 - 11*x**3/6 + 2*x**2. Let f be i(-5). Suppose -j - f*c + 46 + 15 = 0, -3*c + 112 = 2*j. List the prime factors of j.
53
Let n(w) = 22*w - 34. Let y(f) = -42*f + 69. Let a(d) = 5*n(d) + 3*y(d). List the prime factors of a(-5).
3, 13
Let p(a) = -2*a + 3*a + 0*a - 7. Let s be p(5). List the prime factors of 30*((-8)/5 - s).
2, 3
What are the prime factors of 50/2*(-2482)/(-34) + 6?
1831
Let n(y) = -11*y + 4. Let h = -21 - -14. What are the prime factors of n(h)?
3
Suppose 7*d - 4630 - 6136 = 0. List the prime factors of d.
2, 769
Let p(l) = l**3 - l**2 + 2*l - 108. Let c be p(0). Let k = 299 + c. What are the prime factors of k?
191
Suppose 25 = -5*v, -v = -4*u - 2*v - 45. Let i(k) = 3*k**2 + 5*k + 2. What are the prime factors of i(u)?
2, 3, 7
Let d(j) be the first derivative of -13*j**2 - 5*j - 2. List the prime factors of d(-2).
47
What are the prime factors of (-2 + 5)*-1 + 375?
2, 3, 31
Let b = 24 - -553. What are the prime factors of b?
577
Suppose 74*d = 64964 + 154224. What are the prime factors of d?
2, 1481
Let d(m) = -m**3 + 8*m**2 - 7*m + 5. Let z be d(7). Suppose 4*t = 4*o + 288, z*o + 38 = t - 26. Suppose -4*a - t = -202. What are the prime factors of a?
2
What are the prime factors of (-2)/9 + 5/((-270)/(-24366))?
11, 41
Suppose 965 = z - 1169. What are the prime factors of z?
2, 11, 97
Let d(w) = 236*w - 111. What are the prime factors of d(6)?
3, 5, 29
Suppose 91*